{"id":541,"date":"2025-11-29T22:08:49","date_gmt":"2025-11-29T22:08:49","guid":{"rendered":"https:\/\/st2.al\/?page_id=541"},"modified":"2025-11-29T22:29:42","modified_gmt":"2025-11-29T22:29:42","slug":"aplikim-per-certifikime","status":"publish","type":"page","link":"https:\/\/st2.al\/index.php\/aplikim-per-certifikime\/","title":{"rendered":"Aplikim p\u00ebr Certifikime"},"content":{"rendered":"\n<style>\n\/* MOBILE FIX: Only the first dropdown *\/\n@media (max-width: 768px) {\n    \/* Target the certification-type select only *\/\n    .page-id-541 .wpcf7-form select[name=\"certification-type\"] {\n        display: block !important;\n        width: 100% !important;\n        max-width: 100% !important;\n        min-width: 0 !important;\n        box-sizing: border-box !important;\n        overflow: hidden !important;\n        text-overflow: ellipsis !important;\n        white-space: normal !important; \/* allow text wrapping if needed *\/\n    }\n}\n<\/style>\n\n\n\n\n<div class=\"wp-block-contact-form-7-contact-form-selector\">\n<div class=\"wpcf7 no-js\" id=\"wpcf7-f542-o1\" lang=\"en-US\" dir=\"ltr\" data-wpcf7-id=\"542\">\n<div class=\"screen-reader-response\"><p role=\"status\" aria-live=\"polite\" aria-atomic=\"true\"><\/p> <ul><\/ul><\/div>\n<form action=\"\/index.php\/wp-json\/wp\/v2\/pages\/541#wpcf7-f542-o1\" method=\"post\" class=\"wpcf7-form init\" aria-label=\"Contact form\" enctype=\"multipart\/form-data\" novalidate=\"novalidate\" data-status=\"init\">\n<fieldset class=\"hidden-fields-container\"><input type=\"hidden\" name=\"_wpcf7\" value=\"542\" \/><input type=\"hidden\" name=\"_wpcf7_version\" value=\"6.1.1\" \/><input type=\"hidden\" name=\"_wpcf7_locale\" value=\"en_US\" \/><input type=\"hidden\" name=\"_wpcf7_unit_tag\" value=\"wpcf7-f542-o1\" \/><input type=\"hidden\" name=\"_wpcf7_container_post\" value=\"0\" \/><input type=\"hidden\" name=\"_wpcf7_posted_data_hash\" value=\"\" \/>\n<\/fieldset>\n<div class=\"cf7-mobile-wrapper\">\n\t<h3 style=\"font-weight:bold; color:black; font-size:2em;\">Aplikim p\u00ebr Certifikime ISO\/IEC 17020\n\t<\/h3>\n\t<p><label style=\"font-weight:bold; color:black; font-size:1.2em;\">Lloji i Certifikimit<\/label>\n\t<\/p>\n\t<p><span class=\"wpcf7-form-control-wrap\" data-name=\"certification-type\"><select class=\"wpcf7-form-control wpcf7-select wpcf7-validates-as-required fullwidth\" aria-required=\"true\" aria-invalid=\"false\" name=\"certification-type\"><option value=\"ISO\/IEC 17020: Vler\u00ebsimi i konformitetit \u2014 K\u00ebrkesat p\u00ebr operimin e llojeve t\u00eb ndryshme t\u00eb organeve q\u00eb kryejn\u00eb inspektime\">ISO\/IEC 17020: Vler\u00ebsimi i konformitetit \u2014 K\u00ebrkesat p\u00ebr operimin e llojeve t\u00eb ndryshme t\u00eb organeve q\u00eb kryejn\u00eb inspektime<\/option><\/select><\/span>\n\t<\/p>\n\t<p><label style=\"font-weight:bold; color:black; font-size:1.2em;\">Emri dhe Mbiemri *<\/label>\n\t<\/p>\n\t<p><span class=\"wpcf7-form-control-wrap\" data-name=\"full-name\"><input size=\"40\" maxlength=\"400\" class=\"wpcf7-form-control wpcf7-text wpcf7-validates-as-required fullwidth\" aria-required=\"true\" aria-invalid=\"false\" placeholder=\"Shkruani emrin dhe mbiemrin tuaj\" value=\"\" type=\"text\" name=\"full-name\" \/><\/span>\n\t<\/p>\n\t<p><label style=\"font-weight:bold; color:black; font-size:1.2em;\">Email *<\/label>\n\t<\/p>\n\t<p><span class=\"wpcf7-form-control-wrap\" data-name=\"email\"><input size=\"40\" maxlength=\"400\" class=\"wpcf7-form-control wpcf7-email wpcf7-validates-as-required wpcf7-text wpcf7-validates-as-email fullwidth\" aria-required=\"true\" aria-invalid=\"false\" placeholder=\"Adresa juaj e email-it\" value=\"\" type=\"email\" name=\"email\" \/><\/span>\n\t<\/p>\n\t<p><label style=\"font-weight:bold; color:black; font-size:1.2em;\">Numri i Telefonit *<\/label>\n\t<\/p>\n\t<p><span class=\"wpcf7-form-control-wrap\" data-name=\"phone\"><input size=\"40\" maxlength=\"400\" class=\"wpcf7-form-control wpcf7-tel wpcf7-validates-as-required wpcf7-text wpcf7-validates-as-tel fullwidth\" aria-required=\"true\" aria-invalid=\"false\" placeholder=\"Numri juaj i telefonit\" value=\"\" type=\"tel\" name=\"phone\" \/><\/span>\n\t<\/p>\n\t<p><label style=\"font-weight:bold; color:black; font-size:1.2em;\">Adresa<\/label>\n\t<\/p>\n\t<p><span class=\"wpcf7-form-control-wrap\" data-name=\"address\"><input size=\"40\" maxlength=\"400\" class=\"wpcf7-form-control wpcf7-text fullwidth\" aria-invalid=\"false\" placeholder=\"Rruga, qyteti, shteti\" value=\"\" type=\"text\" name=\"address\" \/><\/span>\n\t<\/p>\n\t<p><label style=\"font-weight:bold; color:black; font-size:1.2em;\">Shteti *<\/label>\n\t<\/p>\n\t<p><span class=\"wpcf7-form-control-wrap\" data-name=\"country\"><input size=\"40\" maxlength=\"400\" class=\"wpcf7-form-control wpcf7-text wpcf7-validates-as-required fullwidth\" aria-required=\"true\" aria-invalid=\"false\" placeholder=\"Vendndodhja juaj\" value=\"\" type=\"text\" name=\"country\" \/><\/span>\n\t<\/p>\n\t<p><label style=\"font-weight:bold; color:black; font-size:1.2em;\">Foto Pasaporte (Sh\u00ebnim: Pa foto pasaporte, nuk mund t\u00eb l\u00ebshohet karta e ekspertit)<\/label>\n\t<\/p>\n\t<p><span class=\"wpcf7-form-control-wrap\" data-name=\"passport-photo\"><input size=\"40\" class=\"wpcf7-form-control wpcf7-file wpcf7-validates-as-required fullwidth\" accept=\".pdf,.jpg,.jpeg,.png\" aria-required=\"true\" aria-invalid=\"false\" type=\"file\" name=\"passport-photo\" \/><\/span>\n\t<\/p>\n\t<p><label style=\"font-weight:bold; color:black; font-size:1.2em;\">Ngarko Dokumentet (CV, certifikata, ID) *<\/label>\n\t<\/p>\n\t<p><span class=\"wpcf7-form-control-wrap\" data-name=\"documents\"><input size=\"40\" class=\"wpcf7-form-control wpcf7-file wpcf7-validates-as-required fullwidth\" accept=\".pdf,.jpg,.jpeg,.png\" aria-required=\"true\" aria-invalid=\"false\" type=\"file\" name=\"documents\" \/><\/span>\n\t<\/p>\n\t<p><label style=\"font-weight:bold; color:black; font-size:1.2em;\">P\u00ebrvoja \/ Eksperienca *<\/label>\n\t<\/p>\n\t<p><span class=\"wpcf7-form-control-wrap\" data-name=\"experience\"><textarea cols=\"40\" rows=\"10\" maxlength=\"2000\" class=\"wpcf7-form-control wpcf7-textarea wpcf7-validates-as-required fullwidth\" aria-required=\"true\" aria-invalid=\"false\" placeholder=\"P\u00ebrshkruani p\u00ebrvoj\u00ebn dhe eksperienc\u00ebn tuaj profesionale dhe lidhjen me ISO\/IEC 17020\" name=\"experience\"><\/textarea><\/span>\n\t<\/p>\n\t<h4 style=\"font-weight:bold; color:black; font-size:1.7em;\">Deklaratat \/ Miratimi *\n\t<\/h4>\n\t<p><label style=\"font-size:1.1em;\"><br \/>\n<span class=\"wpcf7-form-control-wrap\" data-name=\"declaration1\"><span class=\"wpcf7-form-control wpcf7-checkbox wpcf7-validates-as-required\"><span class=\"wpcf7-list-item first last\"><label><input type=\"checkbox\" name=\"declaration1[]\" value=\"Un\u00eb pranoj politikat e privat\u00ebsis\u00eb s\u00eb ST2 dhe pajtohem q\u00eb emri im, fusha ime e specializimit, numri i certifikat\u00ebs dhe periudha e vlefshm\u00ebris\u00eb s\u00eb certifikat\u00ebs t\u00eb publikohen n\u00eb https:\/\/www.st2.al pas certifikimit t\u00eb suksessh\u00ebm.\" \/><span class=\"wpcf7-list-item-label\">Un\u00eb pranoj politikat e privat\u00ebsis\u00eb s\u00eb ST2 dhe pajtohem q\u00eb emri im, fusha ime e specializimit, numri i certifikat\u00ebs dhe periudha e vlefshm\u00ebris\u00eb s\u00eb certifikat\u00ebs t\u00eb publikohen n\u00eb https:\/\/www.st2.al pas certifikimit t\u00eb suksessh\u00ebm.<\/span><\/label><\/span><\/span><\/span><br \/>\n<\/label>\n\t<\/p>\n\t<p><label style=\"font-size:1.1em;\"><br \/>\n<span class=\"wpcf7-form-control-wrap\" data-name=\"declaration2\"><span class=\"wpcf7-form-control wpcf7-checkbox wpcf7-validates-as-required\"><span class=\"wpcf7-list-item first last\"><label><input type=\"checkbox\" name=\"declaration2[]\" value=\"Deklaroj q\u00eb nuk jam i d\u00ebnuar.\" \/><span class=\"wpcf7-list-item-label\">Deklaroj q\u00eb nuk jam i d\u00ebnuar.<\/span><\/label><\/span><\/span><\/span><br \/>\n<\/label>\n\t<\/p>\n\t<p><label style=\"font-size:1.1em;\"><br \/>\n<span class=\"wpcf7-form-control-wrap\" data-name=\"declaration3\"><span class=\"wpcf7-form-control wpcf7-checkbox wpcf7-validates-as-required\"><span class=\"wpcf7-list-item first last\"><label><input type=\"checkbox\" name=\"declaration3[]\" value=\"Deklaroj q\u00eb nuk ka hetime penale t\u00eb hapura kund\u00ebr meje.\" \/><span class=\"wpcf7-list-item-label\">Deklaroj q\u00eb nuk ka hetime penale t\u00eb hapura kund\u00ebr meje.<\/span><\/label><\/span><\/span><\/span><br \/>\n<\/label>\n\t<\/p>\n\t<p><label style=\"font-size:1.1em;\"><br \/>\n<span class=\"wpcf7-form-control-wrap\" data-name=\"declaration4\"><span class=\"wpcf7-form-control wpcf7-checkbox wpcf7-validates-as-required\"><span class=\"wpcf7-list-item first last\"><label><input type=\"checkbox\" name=\"declaration4[]\" value=\"Kam lexuar Kushtet e P\u00ebrgjithshme, Politikat e Privat\u00ebsis\u00eb dhe Kodin e Sjelljes dhe i pranoj ato.\" \/><span class=\"wpcf7-list-item-label\">Kam lexuar Kushtet e P\u00ebrgjithshme, Politikat e Privat\u00ebsis\u00eb dhe Kodin e Sjelljes dhe i pranoj ato.<\/span><\/label><\/span><\/span><\/span><br \/>\n<\/label>\n\t<\/p>\n\t<p><label style=\"font-size:1.1em;\"><br \/>\n<span class=\"wpcf7-form-control-wrap\" data-name=\"declaration5\"><span class=\"wpcf7-form-control wpcf7-checkbox wpcf7-validates-as-required\"><span class=\"wpcf7-list-item first last\"><label><input type=\"checkbox\" name=\"declaration5[]\" value=\"Pajtohem t\u00eb kontaktohem p\u00ebr q\u00ebllime informuese.\" \/><span class=\"wpcf7-list-item-label\">Pajtohem t\u00eb kontaktohem p\u00ebr q\u00ebllime informuese.<\/span><\/label><\/span><\/span><\/span><br \/>\n<\/label>\n\t<\/p>\n\t<p><input class=\"wpcf7-form-control wpcf7-submit has-spinner fullwidth\" type=\"submit\" value=\"D\u00ebrgo Aplikimin\" \/>\n\t<\/p>\n<\/div><div class=\"wpcf7-response-output\" aria-hidden=\"true\"><\/div>\n<\/form>\n<\/div>\n<\/div>\n","protected":false},"excerpt":{"rendered":"","protected":false},"author":1,"featured_media":0,"parent":0,"menu_order":0,"comment_status":"closed","ping_status":"closed","template":"","meta":{"footnotes":""},"class_list":["post-541","page","type-page","status-publish","hentry"],"_links":{"self":[{"href":"https:\/\/st2.al\/index.php\/wp-json\/wp\/v2\/pages\/541","targetHints":{"allow":["GET"]}}],"collection":[{"href":"https:\/\/st2.al\/index.php\/wp-json\/wp\/v2\/pages"}],"about":[{"href":"https:\/\/st2.al\/index.php\/wp-json\/wp\/v2\/types\/page"}],"author":[{"embeddable":true,"href":"https:\/\/st2.al\/index.php\/wp-json\/wp\/v2\/users\/1"}],"replies":[{"embeddable":true,"href":"https:\/\/st2.al\/index.php\/wp-json\/wp\/v2\/comments?post=541"}],"version-history":[{"count":6,"href":"https:\/\/st2.al\/index.php\/wp-json\/wp\/v2\/pages\/541\/revisions"}],"predecessor-version":[{"id":573,"href":"https:\/\/st2.al\/index.php\/wp-json\/wp\/v2\/pages\/541\/revisions\/573"}],"wp:attachment":[{"href":"https:\/\/st2.al\/index.php\/wp-json\/wp\/v2\/media?parent=541"}],"curies":[{"name":"wp","href":"https:\/\/api.w.org\/{rel}","templated":true}]}}