{"id":14,"date":"2025-08-16T22:31:35","date_gmt":"2025-08-16T22:31:35","guid":{"rendered":"https:\/\/st2.al\/?page_id=14"},"modified":"2025-08-18T21:50:53","modified_gmt":"2025-08-18T21:50:53","slug":"home","status":"publish","type":"page","link":"https:\/\/st2.al\/","title":{"rendered":"Home"},"content":{"rendered":"\n<div class=\"wp-block-cover cover-image-class has-regular-font-size\"><img loading=\"lazy\" decoding=\"async\" width=\"1024\" height=\"576\" class=\"wp-block-cover__image-background wp-image-55 size-large\" alt=\"\" src=\"https:\/\/st2.al\/wp-content\/uploads\/2025\/08\/Untitled-design-1-1-1024x576.png\" data-object-fit=\"cover\" srcset=\"https:\/\/st2.al\/wp-content\/uploads\/2025\/08\/Untitled-design-1-1-1024x576.png 1024w, https:\/\/st2.al\/wp-content\/uploads\/2025\/08\/Untitled-design-1-1-300x169.png 300w, https:\/\/st2.al\/wp-content\/uploads\/2025\/08\/Untitled-design-1-1-768x432.png 768w, https:\/\/st2.al\/wp-content\/uploads\/2025\/08\/Untitled-design-1-1-1536x864.png 1536w, https:\/\/st2.al\/wp-content\/uploads\/2025\/08\/Untitled-design-1-1.png 1920w\" sizes=\"auto, (max-width: 1024px) 100vw, 1024px\" \/><span aria-hidden=\"true\" class=\"wp-block-cover__background has-background-dim-60 has-background-dim\" style=\"background-color:#5e5762\"><\/span><div class=\"wp-block-cover__inner-container is-layout-constrained wp-block-cover-is-layout-constrained\">\n<div class=\"wp-block-group cover-text\"><div class=\"wp-block-group__inner-container is-layout-constrained wp-block-group-is-layout-constrained\">\n<div class=\"wp-block-group cover-text\"><div class=\"wp-block-group__inner-container is-layout-constrained wp-block-group-is-layout-constrained\">\n<p class=\"has-text-align-center st2-title has-larger-font-size\"><strong>ST2 sh.p.k<\/strong><\/p>\n\n\n\n<p class=\"has-text-align-center st2-title2 has-regular-font-size\">\u201cOfrojm\u00eb sh\u00ebrbime ekspertize, projektimi, supervizimi, auditimi dhe konsulence teknike <\/p>\n\n\n\n<p class=\"has-text-align-center st2-title2 has-regular-font-size\">n\u00eb fushat e naft\u00ebs, gazit, energjis\u00eb, nd\u00ebrtimit dhe siguris\u00eb.\u201d<\/p>\n<\/div><\/div>\n<\/div><\/div>\n<\/div><\/div>\n\n\n\n<p class=\"has-text-align-center services-title\">\u00c7far\u00eb ofrojm\u00eb ne<\/p>\n\n\n\n<p class=\"has-text-align-center konsulence-title has-brown-color has-text-color has-link-color has-larger-font-size wp-elements-df6522d01a62e3a0305c288ed942d6bd\"><strong>Konsulenc\u00eb dhe Sh\u00ebrbime<\/strong><\/p>\n\n\n\n<div class=\"wp-block-group sherbime-1 is-content-justification-center is-nowrap is-layout-flex wp-container-core-group-is-layout-94bc23d7 wp-block-group-is-layout-flex\">\n<div class=\"wp-block-cover is-light\"><img loading=\"lazy\" decoding=\"async\" width=\"500\" height=\"500\" class=\"wp-block-cover__image-background wp-image-288 size-full\" alt=\"\" src=\"https:\/\/st2.al\/wp-content\/uploads\/2025\/08\/Body-3.png\" data-object-fit=\"cover\" srcset=\"https:\/\/st2.al\/wp-content\/uploads\/2025\/08\/Body-3.png 500w, https:\/\/st2.al\/wp-content\/uploads\/2025\/08\/Body-3-300x300.png 300w, https:\/\/st2.al\/wp-content\/uploads\/2025\/08\/Body-3-150x150.png 150w\" sizes=\"auto, (max-width: 500px) 100vw, 500px\" \/><span aria-hidden=\"true\" class=\"wp-block-cover__background has-background-dim\" style=\"background-color:#beaa9c\"><\/span><div class=\"wp-block-cover__inner-container is-layout-constrained wp-block-cover-is-layout-constrained\">\n<p class=\"has-text-align-center has-larger-font-size\"><strong><em><a href=\"https:\/\/st2.al\/index.php\/projekte-vertetime\/\" data-type=\"page\" data-id=\"401\">Projekte &amp; V\u00ebrtetime<\/a><\/em><\/strong><\/p>\n<\/div><\/div>\n\n\n\n<div class=\"wp-block-cover\"><img loading=\"lazy\" decoding=\"async\" width=\"1920\" height=\"1080\" class=\"wp-block-cover__image-background wp-image-435 size-full\" alt=\"\" src=\"https:\/\/st2.al\/wp-content\/uploads\/2025\/08\/Untitled-design-3.png\" data-object-fit=\"cover\" srcset=\"https:\/\/st2.al\/wp-content\/uploads\/2025\/08\/Untitled-design-3.png 1920w, https:\/\/st2.al\/wp-content\/uploads\/2025\/08\/Untitled-design-3-300x169.png 300w, https:\/\/st2.al\/wp-content\/uploads\/2025\/08\/Untitled-design-3-1024x576.png 1024w, https:\/\/st2.al\/wp-content\/uploads\/2025\/08\/Untitled-design-3-768x432.png 768w, https:\/\/st2.al\/wp-content\/uploads\/2025\/08\/Untitled-design-3-1536x864.png 1536w\" sizes=\"auto, (max-width: 1920px) 100vw, 1920px\" \/><span aria-hidden=\"true\" class=\"wp-block-cover__background has-background-dim\" style=\"background-color:#7a7376\"><\/span><div class=\"wp-block-cover__inner-container is-layout-constrained wp-block-cover-is-layout-constrained\">\n<p class=\"has-text-align-center has-larger-font-size\"><strong><em><a href=\"https:\/\/st2.al\/index.php\/kontroll-inspektim-teknik\/\" data-type=\"page\" data-id=\"404\">Kontroll &amp; Inspektim Teknik<\/a><\/em><\/strong><\/p>\n<\/div><\/div>\n\n\n\n<div class=\"wp-block-cover is-light\"><img loading=\"lazy\" decoding=\"async\" width=\"1920\" height=\"1080\" class=\"wp-block-cover__image-background wp-image-439 size-full\" alt=\"\" src=\"https:\/\/st2.al\/wp-content\/uploads\/2025\/08\/Untitled-design-4.png\" data-object-fit=\"cover\" srcset=\"https:\/\/st2.al\/wp-content\/uploads\/2025\/08\/Untitled-design-4.png 1920w, https:\/\/st2.al\/wp-content\/uploads\/2025\/08\/Untitled-design-4-300x169.png 300w, https:\/\/st2.al\/wp-content\/uploads\/2025\/08\/Untitled-design-4-1024x576.png 1024w, https:\/\/st2.al\/wp-content\/uploads\/2025\/08\/Untitled-design-4-768x432.png 768w, https:\/\/st2.al\/wp-content\/uploads\/2025\/08\/Untitled-design-4-1536x864.png 1536w\" sizes=\"auto, (max-width: 1920px) 100vw, 1920px\" \/><span aria-hidden=\"true\" class=\"wp-block-cover__background has-background-dim\" style=\"background-color:#8da7cb\"><\/span><div class=\"wp-block-cover__inner-container is-layout-constrained wp-block-cover-is-layout-constrained\">\n<p class=\"has-text-align-center has-larger-font-size\"><em><strong><a href=\"https:\/\/st2.al\/index.php\/inspektimi-i-makinerive-vincave\/\" data-type=\"page\" data-id=\"406\">Inspektimi i Makinerive &amp; Vincave<\/a><\/strong><\/em><\/p>\n<\/div><\/div>\n<\/div>\n\n\n\n<div class=\"wp-block-group sherbime-2 is-content-justification-center is-nowrap is-layout-flex wp-container-core-group-is-layout-94bc23d7 wp-block-group-is-layout-flex\">\n<div class=\"wp-block-cover is-light\"><img loading=\"lazy\" decoding=\"async\" width=\"1920\" height=\"1080\" class=\"wp-block-cover__image-background wp-image-442 size-full\" alt=\"\" src=\"https:\/\/st2.al\/wp-content\/uploads\/2025\/08\/Untitled-design-5.png\" data-object-fit=\"cover\" srcset=\"https:\/\/st2.al\/wp-content\/uploads\/2025\/08\/Untitled-design-5.png 1920w, https:\/\/st2.al\/wp-content\/uploads\/2025\/08\/Untitled-design-5-300x169.png 300w, https:\/\/st2.al\/wp-content\/uploads\/2025\/08\/Untitled-design-5-1024x576.png 1024w, https:\/\/st2.al\/wp-content\/uploads\/2025\/08\/Untitled-design-5-768x432.png 768w, https:\/\/st2.al\/wp-content\/uploads\/2025\/08\/Untitled-design-5-1536x864.png 1536w\" sizes=\"auto, (max-width: 1920px) 100vw, 1920px\" \/><span aria-hidden=\"true\" class=\"wp-block-cover__background has-background-dim\" style=\"background-color:#908e8f\"><\/span><div class=\"wp-block-cover__inner-container is-layout-constrained wp-block-cover-is-layout-constrained\">\n<p class=\"has-text-align-center has-larger-font-size\"><strong><em><a href=\"https:\/\/st2.al\/index.php\/inspektimi-i-pajisjeve-te-sigurise\/\" data-type=\"page\" data-id=\"408\">Inspektimi i Pajisjeve t\u00eb Siguris\u00eb<\/a><\/em><\/strong><\/p>\n<\/div><\/div>\n\n\n\n<div class=\"wp-block-cover is-light\"><img loading=\"lazy\" decoding=\"async\" width=\"500\" height=\"500\" class=\"wp-block-cover__image-background wp-image-272 size-full\" alt=\"\" src=\"https:\/\/st2.al\/wp-content\/uploads\/2025\/08\/Body-2.png\" data-object-fit=\"cover\" srcset=\"https:\/\/st2.al\/wp-content\/uploads\/2025\/08\/Body-2.png 500w, https:\/\/st2.al\/wp-content\/uploads\/2025\/08\/Body-2-300x300.png 300w, https:\/\/st2.al\/wp-content\/uploads\/2025\/08\/Body-2-150x150.png 150w\" sizes=\"auto, (max-width: 500px) 100vw, 500px\" \/><span aria-hidden=\"true\" class=\"wp-block-cover__background has-background-dim\" style=\"background-color:#a19f9a\"><\/span><div class=\"wp-block-cover__inner-container is-layout-constrained wp-block-cover-is-layout-constrained\">\n<p class=\"has-text-align-center has-larger-font-size\"><strong><em><a href=\"https:\/\/st2.al\/index.php\/certifikim-trajnim\/\" data-type=\"page\" data-id=\"410\">Certifikim &amp; Trajnim<\/a><\/em><\/strong><\/p>\n<\/div><\/div>\n\n\n\n<div class=\"wp-block-cover is-light\"><img loading=\"lazy\" decoding=\"async\" width=\"500\" height=\"500\" class=\"wp-block-cover__image-background wp-image-289 size-full\" alt=\"\" src=\"https:\/\/st2.al\/wp-content\/uploads\/2025\/08\/Body-4.png\" data-object-fit=\"cover\" srcset=\"https:\/\/st2.al\/wp-content\/uploads\/2025\/08\/Body-4.png 500w, https:\/\/st2.al\/wp-content\/uploads\/2025\/08\/Body-4-300x300.png 300w, https:\/\/st2.al\/wp-content\/uploads\/2025\/08\/Body-4-150x150.png 150w\" sizes=\"auto, (max-width: 500px) 100vw, 500px\" \/><span aria-hidden=\"true\" class=\"wp-block-cover__background has-background-dim\" style=\"background-color:#afb0b7\"><\/span><div class=\"wp-block-cover__inner-container is-layout-constrained wp-block-cover-is-layout-constrained\">\n<p class=\"has-text-align-center has-larger-font-size\"><em><strong><a href=\"https:\/\/st2.al\/index.php\/ekspertiza-konsulence\/\" data-type=\"page\" data-id=\"412\">Ekspertiza &amp; Konsulenc\u00eb<\/a><\/strong><\/em><\/p>\n<\/div><\/div>\n<\/div>\n\n\n\n<p><br><\/p>\n","protected":false},"excerpt":{"rendered":"<p>\u00c7far\u00eb ofrojm\u00eb ne Konsulenc\u00eb dhe Sh\u00ebrbime<\/p>\n","protected":false},"author":1,"featured_media":0,"parent":0,"menu_order":0,"comment_status":"closed","ping_status":"closed","template":"","meta":{"footnotes":""},"class_list":["post-14","page","type-page","status-publish","hentry"],"_links":{"self":[{"href":"https:\/\/st2.al\/index.php\/wp-json\/wp\/v2\/pages\/14","targetHints":{"allow":["GET"]}}],"collection":[{"href":"https:\/\/st2.al\/index.php\/wp-json\/wp\/v2\/pages"}],"about":[{"href":"https:\/\/st2.al\/index.php\/wp-json\/wp\/v2\/types\/page"}],"author":[{"embeddable":true,"href":"https:\/\/st2.al\/index.php\/wp-json\/wp\/v2\/users\/1"}],"replies":[{"embeddable":true,"href":"https:\/\/st2.al\/index.php\/wp-json\/wp\/v2\/comments?post=14"}],"version-history":[{"count":51,"href":"https:\/\/st2.al\/index.php\/wp-json\/wp\/v2\/pages\/14\/revisions"}],"predecessor-version":[{"id":493,"href":"https:\/\/st2.al\/index.php\/wp-json\/wp\/v2\/pages\/14\/revisions\/493"}],"wp:attachment":[{"href":"https:\/\/st2.al\/index.php\/wp-json\/wp\/v2\/media?parent=14"}],"curies":[{"name":"wp","href":"https:\/\/api.w.org\/{rel}","templated":true}]}}